{"id":15,"date":"2022-12-21T19:20:29","date_gmt":"2022-12-21T18:20:29","guid":{"rendered":"https:\/\/handy-nodalpunktadapter.de\/online\/produkt\/v-neck-t-shirt\/"},"modified":"2023-08-03T09:16:46","modified_gmt":"2023-08-03T07:16:46","slug":"nodalpunktadapter","status":"publish","type":"product","link":"https:\/\/handy-nodalpunktadapter.de\/online\/produkt\/nodalpunktadapter\/","title":{"rendered":"Nodalpunktadapter f\u00fcr jedes Handy-Modell bestellbar"},"content":{"rendered":"<p><span style=\"font-family: var(--heading--font-family); font-size: var(--heading--font-size-h3); font-weight: var(--heading--font-weight); letter-spacing: var(--heading--letter-spacing-h3); background-color: var(--global--color-background); color: var(--global--color-primary);\">360\u00b0 Panoramafotos mit dem Nodalpunktadapter f\u00fcr Smartphone<\/span><\/p>\n<div class=\"fusion-text fusion-text-2\">\n<p>Mit unserem Nodalpunktadapter f\u00fcr Handy hat man die M\u00f6glichkeit, professionelle 360\u00b0 Fotos mit seinem Handy zu schie\u00dfen. Es l\u00e4sst sich sagen, dass das Erstellen von Panoramabildern hierdurch vereinfacht wird. Zudem muss hier erw\u00e4hnt werden, dass sich die Bilder schnell und pr\u00e4zise machen lassen.<\/p>\n<p><strong>App<\/strong><br \/>\nDie App Google Streetview macht es m\u00f6glich, die Bilder sich in 360\u00b0 erstellen und anzuschauen.<\/p>\n<\/div>\n<p><strong>Panoramakopf f\u00fcr Smartphone<br \/>\n<\/strong><strong>Street View App in Kombination mit dem neuesten Smartphones<\/strong><\/p>\n<p>Google&#8217;s App ist bisher nicht auf alle die Tripple-Kamera-Technologie des Smartphones abgestimmt, weshalb es hin und wieder zu Verzerrungen der Bilder kommen kann. Dies liegt nicht an unserem Nodalpunktadapter, sondern an Google&#8217;s Software.<\/p>\n<p><strong>Bei Verwendung anderer Software, in Kombination mit unserem Adapter<\/strong>, machen Sie weiterhin professionelle Panoramabilder und nutzen den vollen Funktionsumfang unseres Nodalpunktadapters.<\/p>\n<p><strong><span id=\"result_box\" class=\"\" lang=\"de\" tabindex=\"-1\"><span class=\"\">Bitte beachten Sie:<\/span><\/span><span id=\"result_box\" class=\"\" lang=\"de\" tabindex=\"-1\"><br \/>\n<span class=\"\">Sie bestellen ein neues Produkt und wir brauchen etwas Zeit f\u00fcr die Entwicklung.<\/span> <span class=\"\">Die Produktion dauert 6 bis 14 Werktage.<\/span><\/span><\/strong><span id=\"result_box\" class=\"\" lang=\"de\" tabindex=\"-1\"><\/span><\/p>\n<p>Stativ Gewinde \u00bc Zoll<\/p>\n","protected":false},"excerpt":{"rendered":"<h3 class=\"hero__title aos-init aos-animate\" data-aos=\"fade-up\">Smartphone- Nodalpunktadapter das richtige f\u00fcr Sie!<\/h3>\n<div class=\"hero__descr aos-init aos-animate\" data-aos=\"fade-up\">Mit unserem neuen Smartphone-Nodalpunktadapter k\u00f6nnen Sie selbst professionelle Panoramen fotografieren.<\/div>\n","protected":false},"featured_media":139,"template":"","meta":[],"product_brand":[],"product_cat":[24],"product_tag":[],"class_list":{"0":"post-15","1":"product","2":"type-product","3":"status-publish","4":"has-post-thumbnail","6":"product_cat-nodalpunktadapter","8":"first","9":"instock","10":"featured","11":"sold-individually","12":"shipping-taxable","13":"purchasable","14":"product-type-variable","15":"has-default-attributes"},"_links":{"self":[{"href":"https:\/\/handy-nodalpunktadapter.de\/online\/wp-json\/wp\/v2\/product\/15","targetHints":{"allow":["GET"]}}],"collection":[{"href":"https:\/\/handy-nodalpunktadapter.de\/online\/wp-json\/wp\/v2\/product"}],"about":[{"href":"https:\/\/handy-nodalpunktadapter.de\/online\/wp-json\/wp\/v2\/types\/product"}],"wp:featuredmedia":[{"embeddable":true,"href":"https:\/\/handy-nodalpunktadapter.de\/online\/wp-json\/wp\/v2\/media\/139"}],"wp:attachment":[{"href":"https:\/\/handy-nodalpunktadapter.de\/online\/wp-json\/wp\/v2\/media?parent=15"}],"wp:term":[{"taxonomy":"product_brand","embeddable":true,"href":"https:\/\/handy-nodalpunktadapter.de\/online\/wp-json\/wp\/v2\/product_brand?post=15"},{"taxonomy":"product_cat","embeddable":true,"href":"https:\/\/handy-nodalpunktadapter.de\/online\/wp-json\/wp\/v2\/product_cat?post=15"},{"taxonomy":"product_tag","embeddable":true,"href":"https:\/\/handy-nodalpunktadapter.de\/online\/wp-json\/wp\/v2\/product_tag?post=15"}],"curies":[{"name":"wp","href":"https:\/\/api.w.org\/{rel}","templated":true}]}}